eatest common factor of 30666 and 114.
114
Calculate the greatest common factor of 100 and 2025.
25
Calculate the highest common divisor of 20 and 860.
20
Calculate the highest common divisor of 242 and 924.
22
Calculate the highest common divisor of 595 and 255.
85
What is the greatest common divisor of 106 and 70?
2
Calculate the greatest common factor of 252 and 216.
36
Calculate the greatest common factor of 43 and 43.
43
What is the highest common divisor of 193 and 5?
1
What is the greatest common divisor of 637 and 7?
7
Calculate the greatest common factor of 174 and 3074.
58
What is the highest common divisor of 51 and 136?
17
Calculate the greatest common factor of 175 and 105.
35
Calculate the greatest common factor of 18 and 16866.
18
Calculate the greatest common divisor of 61 and 15189.
61
Calculate the greatest common factor of 12 and 7284.
12
What is the highest common divisor of 1216 and 64?
64
Calculate the highest common factor of 407 and 11.
11
What is the highest common divisor of 4120 and 360?
40
What is the greatest common divisor of 23 and 4393?
23
What is the greatest common divisor of 247 and 52?
13
Calculate the greatest common divisor of 127 and 16129.
127
Calculate the highest common factor of 899 and 155.
31
What is the greatest common factor of 204 and 272?
68
Calculate the greatest common divisor of 5 and 60.
5
What is the highest common divisor of 1107 and 27?
27
What is the greatest common factor of 247 and 57?
19
What is the greatest common divisor of 203 and 14?
7
What is the highest common factor of 1288 and 2944?
184
What is the greatest common divisor of 26 and 715?
13
Calculate the highest common factor of 15 and 545.
5
Calculate the highest common divisor of 12 and 3786.
6
Calculate the greatest common divisor of 494 and 76.
38
What is the greatest common factor of 115 and 10?
5
What is the highest common factor of 45 and 705?
15
Calculate the greatest common divisor of 1311 and 76.
19
What is the greatest common divisor of 12 and 3?
3
What is the highest common divisor of 483 and 189?
21
Calculate the highest common divisor of 8493 and 19.
19
What is the highest common divisor of 25 and 155?
5
What is the greatest common divisor of 33 and 3?
3
What is the highest common factor of 19 and 6517?
19
Calculate the greatest common divisor of 264 and 297.
33
What is the greatest common factor of 3094 and 476?
238
What is the greatest common factor of 126 and 46326?
42
Calculate the highest common factor of 465 and 720.
15
What is the highest common divisor of 38 and 57?
19
What is the greatest common divisor of 200 and 8?
8
Calculate the greatest common divisor of 4169 and 11.
11
Calculate the greatest common divisor of 1900 and 456.
76
What is the greatest common factor of 3930 and 60?
30
Calculate the greatest common factor of 50 and 53050.
50
What is the greatest common factor of 1235 and 2945?
95
What is the highest common divisor of 90 and 230?
10
What is the highest common divisor of 553 and 1027?
79
What is the highest common factor of 128 and 4160?
64
Calculate the greatest common divisor of 33 and 12.
3
What is the greatest common factor of 561 and 1056?
33
What is the highest common factor of 2509 and 364?
13
What is the greatest common factor of 4491 and 9?
9
Calculate the highest common divisor of 2052 and 16.
4
What is the highest common factor of 31 and 4?
1
What is the highest common factor of 2 and 23?
1
What is the greatest common factor of 114 and 513?
57
What is the highest common factor of 34 and 697?
17
What is the greatest common factor of 196 and 4?
4
What is the highest common divisor of 903 and 105?
21
Calculate the highest common divisor of 1917 and 6177.
213
Calculate the greatest common divisor of 1197 and 665.
133
What is the greatest common divisor of 154 and 14?
14
What is the highest common divisor of 121 and 363?
121
What is the greatest common divisor of 156 and 258?
6
What is the greatest common factor of 350 and 560?
70
Calculate the highest common factor of 517 and 44.
11
Calculate the greatest common factor of 60 and 37500.
60
What is the greatest common divisor of 909 and 153?
9
What is the greatest common factor of 192 and 80?
16
What is the highest common factor of 17595 and 230?
115
What is the highest common factor of 36 and 468?
36
Calculate the greatest common factor of 5 and 620.
5
What is the greatest common factor of 6 and 96?
6
Calculate the greatest common divisor of 6264 and 29.
29
Calculate the highest common divisor of 10 and 115.
5
What is the greatest common factor of 1221 and 148?
37
What is the greatest common divisor of 11 and 3091?
11
What is the greatest common divisor of 189 and 36?
9
What is the highest common divisor of 102 and 3298?
34
What is the highest common divisor of 3740 and 884?
68
Calculate the greatest common factor of 18 and 81.
9
Calculate the highest common factor of 102 and 102.
102
Calculate the greatest common divisor of 126 and 420.
42
Calculate the greatest common factor of 13 and 130.
13
What is the greatest common factor of 1292 and 209?
19
What is the highest common divisor of 208 and 2028?
52
What is the greatest common divisor of 95 and 114?
19
What is the highest common factor of 1620 and 792?
36
What is the highest common divisor of 404 and 4?
4
Calculate the highest common divisor of 1040 and 480.
80
What is the highest common divisor of 12 and 249?
3
What is the greatest common divisor of 156 and 1014?
78
What is the greatest common divisor of 2109 and 38?
19
What is the greatest common factor of 576 and 1332?
36
Calculate the highest common divisor of 1750 and 14.
14
What is the highest common divisor of 8 and 556?
4
What is the greatest common factor of 26 and 520?
26
What is the highest common factor of 16 and 428?
4
What is the greatest common divisor of 118 and 2?
2
Calculate the highest common divisor of 13 and 169.
13
Calculate the highest common factor of 1275 and 561.
51
What is the greatest common factor of 21 and 51?
3
What is the highest common factor of 3 and 12?
3
Calculate the greatest common divisor of 135 and 45.
45
What is the highest common divisor of 1824 and 855?
57
What is the greatest common divisor of 250 and 75?
25
Calculate the highest common factor of 230 and 410.
10
What is the highest common factor of 6 and 66?
6
What is the greatest common factor of 3071 and 148?
37
What is the greatest common factor of 2021 and 47?
47
What is the highest common divisor of 5960 and 40?
40
What is the greatest common factor of 489 and 12?
3
What is the greatest common factor of 1211 and 7?
7
What is the greatest common divisor of 160 and 60?
20
What is the greatest common factor of 63 and 399?
21
Calculate the greatest common divisor of 3068 and 52.
52
Calculate the highest common factor of 223 and 13.
1
What is the greatest common divisor of 23 and 11776?
23
What is the highest common divisor of 168 and 308?
28
What is the highest common divisor of 38 and 8911?
19
What is the greatest common factor of 1045 and 55?
55
Calculate the greatest common factor of 9 and 4419.
9
What is the highest common divisor of 119 and 119?
119
What is the greatest common factor of 464 and 128?
16
Calculate the highest common factor of 672 and 1974.
42
What is the highest common factor of 26 and 2782?
26
Calculate the highest common factor of 124 and 4.
4
Calculate the greatest common divisor of 29 and 6.
1
What is the greatest common factor of 51 and 1377?
51
What is the highest common factor of 1798 and 174?
58
What is the highest common factor of 16758 and 513?
171
What is the greatest common divisor of 12560 and 157?
157
What is the greatest common factor of 182 and 130?
26
Calculate the greatest common factor of 676 and 192.
4
What is the highest common divisor of 525 and 4875?
75
What is the highest common divisor of 464 and 48?
16
Calculate the greatest common factor of 10161 and 9.
9
Calculate the highest common divisor of 12 and 316.
4
What is the highest common divisor of 7168 and 28?
28
What is the highest common factor of 960 and 864?
96
What is the highest common divisor of 78 and 6?
6
Calculate the highest common factor of 22 and 66.
22
What is the greatest common divisor of 168 and 924?
84
Calculate the highe